0030021 (base 7) in base 10?
-3301390
Convert 51006163 (base 7) to base 9.
7867701
-33345344 (base 6) to base 16
-f6760
1472255 (base 8) to base 6
13022421
What is 46259 (base 10) in base 15?
da8e
11524a (base 15) to base 4
3022000003
What is 1c3c823 (base 13) in base 11?
5338194
Convert 187108 (base 12) to base 9.
720618
-48573 (base 12) to base 2
-10111110100100111
What is 329824 (base 15) in base 3?
11112112001221
Convert 291884 (base 11) to base 12.
1a005a
What is -2442806 (base 10) in base 7?
-26522612
Convert 90637 (base 10) to base 13.
32341
Convert -1530013 (base 6) to base 13.
-31926
Convert -1701337 (base 12) to base 8.
-22026233
What is 1aa721 (base 11) in base 16?
4e869
What is 111430133 (base 5) in base 15?
9cbcd
What is -1133406 (base 7) in base 11?
-983a0
Convert -1841131 (base 10) to base 6.
-103243431
Convert 2244113 (base 9) to base 4.
10213131321
What is 9497 (base 16) in base 3?
1221011212
Convert -6ca2 (base 14) to base 8.
-45016
Convert -18350e (base 15) to base 2.
-100011111000001010111
Convert -1148 (base 13) to base 9.
-3285
30d1b (base 16) to base 8
606433
What is 1693d (base 14) in base 4?
31311323
Convert 101100010100011000000 (base 2) to base 16.
1628c0
Convert -20104202 (base 5) to base 15.
-325bc
Convert -2012000102120 (base 3) to base 11.
-723809
Convert -1b660c (base 15) to base 11.
-834179
-54a024 (base 13) to base 7
-22636435
What is 1110312112 (base 6) in base 5?
11041443343
Convert 388a331 (base 11) to base 3.
110200010012200
Convert -152201 (base 6) to base 12.
-8661
-210ab6 (base 12) to base 7
-4263654
-1aa322 (base 11) to base 9
-538482
What is -113020111 (base 4) in base 11?
-651a9
Convert 6064303 (base 8) to base 11.
9a2958
What is 1101222000 (base 3) in base 5?
1341200
What is -12242146 (base 8) in base 4?
-22110101212
What is 43c3d5 (base 14) in base 3?
11022212100100
Convert -810254 (base 12) to base 9.
-3705531
-3503 (base 10) to base 6
-24115
Convert 1111780 (base 9) to base 12.
24a383
Convert -29383c (base 13) to base 11.
-629057
What is -212310332 (base 4) in base 8?
-466476
What is -13c042 (base 13) in base 9?
-816074
Convert -10600617 (base 8) to base 3.
-11022112222212
What is -5949 (base 16) in base 11?
-1619a
Convert 221001200 (base 3) to base 10.
18270
30111300 (base 4) to base 2
1100010101110000
What is 485567 (base 9) in base 12?
121537
What is 343513311 (base 6) in base 4?
120023232223
What is 756431 (base 8) in base 6?
5232133
-53749 (base 13) to base 10
-150640
Convert 26428 (base 12) to base 14.
15184
What is 162007 (base 8) in base 11?
3a949
What is 10100110111101110 (base 2) in base 7?
504142
Convert 23242264 (base 7) to base 10.
2044081
-2341354 (base 6) to base 10
-122182
Convert 21012101 (base 4) to base 16.
9191
What is ac6ca4 (base 13) in base 6?
223131130
Convert -2754161 (base 11) to base 15.
-63c281
Convert 10553315 (base 6) to base 7.
2525423
-24127365 (base 8) to base 4
-110022323311
100001001100010111111100 (base 2) to base 5
4211421221
21203303 (base 4) to base 7
222104
What is -400441 (base 8) in base 16?
-20121
Convert 1011000001100100 (base 2) to base 11.
30a21
What is 102053 (base 6) in base 16?
2031
Convert 23208 (base 14) to base 15.
1a4c9
2111121000001 (base 3) to base 14
268bc6
What is -41c75 (base 13) in base 15?
-251e5
Convert -24fc52 (base 16) to base 15.
-32d2ca
Convert -122203303 (base 5) to base 7.
-4654016
What is 562265 (base 10) in base 15?
b18e5
-23ba3 (base 12) to base 8
-136353
What is 12353f (base 16) in base 11?
74558a
What is -1eba9 (base 15) in base 8?
-304235
1101011110111001000001 (base 2) to base 8
15367101
What is 1436220 (base 7) in base 3?
100212110110
Convert -1323405032 (base 6) to base 16.
-f1d48c
Convert -210110102200 (base 3) to base 8.
-1471006
Convert -247224 (base 10) to base 9.
-416113
Convert -9446 (base 10) to base 4.
-2103212
-221302300230 (base 4) to base 7
-162060111
Convert -8667cd (base 16) to base 2.
-100001100110011111001101
What is 323585 (base 10) in base 8?
1170001
What is 26126632 (base 8) in base 7?
100253320
What is 524434b (base 12) in base 16?
ecc8eb
-1110000000010100 (base 2) to base 13
-20158
What is -4a400 (base 12) in base 3?
-12010021100
Convert -113044122 (base 5) to base 3.
-222100110201
What is d227b (base 15) in base 10?
665441
Convert 6537909 (base 10) to base 7.
106366650
10110011101010111010011 (base 2) to base 6
330104403
What is -2053434 (base 8) in base 10?
-546588
Convert 61bbc (base 14) to base 15.
49be2
What is 110122210101210 (base 3) in base 7?
111116466
Convert 299503 (base 11) to base 16.
71e1a
-1044320004 (base 5) to base 9
-4354145
What is -412301 (base 10) in base 2?
-1100100101010001101
-2593 (base 11) to base 9
-4553
-5015210 (base 7) to base 6
-20410522
Convert -1b41428 (base 12) to base 16.
-58a120
What is 500324240 (base 6) in base 15?
b16440
What is -d6361 (base 16) in base 4?
-3112031201
-1609c (base 13) to base 3
-2010102211
1df0 (base 16) to base 15
240e
Convert -41a10 (base 11) to base 10.
-61116
What is -1315451 (base 10) in base 9?
-2424412
-3117415 (base 8) to base 14
-177621
-2b860 (base 12) to base 3
-10010122100
-8ce46f (base 16) to base 7
-141324611
61dd (base 14) to base 12
9907
Convert -2121103302 (base 4) to base 14.
-124bbc
What is -2629890 (base 10) in base 16?
-282102
Convert -635760 (base 8) to base 2.
-110011101111110000
-255033055 (base 6) to base 2
-10011000011111010011011
10340233130 (base 5) to base 9
23158728
What is 7c8145 (base 13) in base 4?
23102203201
What is -1315 (base 11) in base 10?
-1710
Convert 3341445 (base 8) to base 14.
196993
What is 4507b (base 13) in base 6?
2404123
-a6dd (base 15) to base 11
-24589
What is -29e45 (base 16) in base 8?
-517105
-14244040 (base 7) to base 5
-320320012
Convert -325597 (base 14) to base 10.
-1705137
Convert -113140431 (base 5) to base 2.
-1111111010010010110
Convert 12160423 (base 7) to base 3.
2001101120021
What is 33100312233 (base 4) in base 5?
2011014244
Convert -213412024 (base 5) to base 14.
-19d207
What is -74401361 (base 8) in base 10?
-15860465
-12320201 (base 4) to base 15
-8548
Convert -130383 (base 9) to base 6.
-1405550
-2553010 (base 7) to base 12
-14041a
Convert -139520 (base 10) to base 9.
-232342
251487 (base 12) to base 5
123310001
Convert 2030304 (base 7) to base 13.
865a7
What is 2343333 (base 8) in base 12?
26a963
11101011001001110000001 (base 2) to base 16
759381
Convert 2412727 (base 10) to base 3.
11112120122021
Convert 1330010 (base 6) to base 13.
2781c
What is 10011101000110101 (base 2) in base 10?
80437
Convert -509ba0 (base 12) to base 5.
-310331131
What is -102121201211111 (base 3) in base 11?
-3538602
Convert 101310 (base 4) to base 8.
2164
What is 100002201210 (base 3) in base 14?
493d9
What is 11122431 (base 5) in base 11?
67aa8
1021256 (base 7) to base 8
360065
What is 1101534 (base 7) in base 2?
100000111110011101
Convert 16b03 (base 15) to base 2.
10001111010001001
Convert -206ad5 (base 15) to base 7.
-16050011
Convert -34113501 (base 7) to base 8.
-13230454
What is 34ed7 (base 15) in base 14?
456bd
What is 35541406 (base 8) in base 12?
273419a
What is -146162 (base 7) in base 14?
-a5a2
17b2a (base 16) to base 15
1db61
Convert -3694aa7 (base 12) to base 4.
-220213020133
Convert -35135535 (base 6) to base 4.
-10021021103
-2328185 (base 10) to base 12
-9433b5
131123142 (base 5) to base 15
cb382
What is -5247a (base 12) in base 14?
-2b406
What is 409035 (base 12) in base 13?
2951a2
Convert 4221041 (base 6) to base 16.
320d1
Convert -141d7 (base 16) to base 10.
-82391
-4322320 (base 5) to base 7
-424112
132541 (base 12) to base 7
2452066
What is 7207b (base 16) in base 9?
781623
Convert 1300022121 (base 4) to base 6.
13502533
What is -25010 (base 6) in base 10?
-3678
Convert 428262 (base 9) to base 7.
2112341
-1324867 (base 10) to base 9
-2438334
What is -1a8a9 (base 15) in base 14?
-2366a
What is 20731473 (base 8) in base 12?
159b70b
Convert -125b880 (base 13) to base 3.
-101210111210222
Convert 212040330 (base 5) to base 11.
5600a4
138987 (base 15) to base 14
1a69d8
What is -124321 (base 7) in base 8?
-55147
110011011001011110 (base 2) to base 11
134198
What is -1726717 (base 9) in base 5?
-221302423
What is -1100001101011010000 (base 2) in base 8?
-1415320
Convert -22232231330 